 is the units digit of x?
7
Let u(w) = w + 2. Let o be u(0). Suppose -o*r + 4*y = 3*r - 105, 0 = 3*r + 4*y - 63. What is the tens digit of r?
2
Suppose 2*b + 45 = 69. What is the hundreds digit of -1*6/b*-610?
3
Let k(c) = c**2 - 14*c + 26. Let s(g) = g**3 - 11*g**2 + g + 2. Let u be s(11). What is the tens digit of k(u)?
1
Suppose -f - 12 = -31. Let h = 1 - -3. Let c = f - h. What is the tens digit of c?
1
Suppose 0 = -10*u + 3978 + 16492. What is the tens digit of u?
4
Suppose -4*o - 2*n = -18, o + 2*o + 2*n = 15. Let k(a) = a - 3. Let j be k(4). Suppose 5*x - j = -o*y + 94, -19 = -x + 2*y. What is the tens digit of x?
1
Suppose 4*k = 5*h + 38, 5*k - 25 = -0*k - 5*h. Suppose -4*i - 6 = -3*c, -3 = -c + 3*i - 1. Let q = k - c. What is the units digit of q?
5
Let i be 186/4*24/36. Let p = i - 8. What is the units digit of p?
3
What is the units digit of ((-881)/2)/(1 - 36/32)?
4
Let k(v) = v**3 + 4*v**2 - v - 6. Let q be k(-3). Let r be (-2167)/66 - 1/q. Let f = 61 + r. What is the tens digit of f?
2
Let b(p) = p**2 - 4*p + 2. Let n be (2/(-1))/((-16)/40). What is the units digit of b(n)?
7
Suppose 14*f - 10*f = -2*a + 6696, 5*a + 3336 = 2*f. What is the thousands digit of f?
1
Let z = 12 - 19. What is the units digit of (z + 2)*36/(-10)?
8
Let j be (32/6)/((-34)/(-255)). What is the units digit of (-17)/(32/j + 0 + -1)?
5
Suppose 9*j - 4*j - 3*f = 4708, 0 = -4*j - f + 3763. What is the tens digit of j?
4
Let z(g) = -g**3 + 2*g**2 - 3*g + 2. Let s be z(2). Let j be ((-1)/3)/(18/(-432)). Let r = j + s. What is the units digit of r?
4
Suppose 8*j = 18 + 14. Suppose 73 + 155 = j*n. What is the tens digit of n?
5
Let o be (484/(-33))/((-4)/(-30)). What is the hundreds digit of (0 - 3 - 0)/(2/o)?
1
Suppose -b - l - 8 = l, l = -3*b + 1. Let i(u) = 13 - 11*u + 0*u - b*u + 0*u - u**2. What is the tens digit of i(-12)?
2
Let c(q) = -28*q - 11. Let a be c(6). Let g = -95 - a. Let b = -34 + g. What is the units digit of b?
0
Let o(m) = -3*m + 20. Let h be o(8). Let y be -2 - ((-64)/4)/h. Let f(u) = 2*u**2 + 4*u + 6. What is the units digit of f(y)?
4
Let r(q) = q**2 + 9. Let p be r(9). Suppose -4*o + 328 = 6*u - 2*u, -p = -u + o. What is the units digit of u?
6
Suppose -787 = -2*s + 5*p, 6*s - p = 5*s + 392. What is the units digit of s?
1
Suppose -5*i - 48 - 7 = 0. Suppose 4*s + 20 = -8. Let o = s - i. What is the units digit of o?
4
Let g be -4 - (-1)/(3/6). What is the tens digit of -1 + (-186 + g)/(-4)?
4
Suppose -1380 = -4*o + 8*r - 4*r, -o = -2*r - 349. What is the hundreds digit of o?
3
Let p(s) = -s + 61. Let u be 0/(-4 + 4 + 3). What is the tens digit of p(u)?
6
Let k = 23 - 25. What is the tens digit of -1 + (3 - 5) + k + 227?
2
Let s be 93/33 - 4/(-22). Suppose 0 = -s*m + 4*m + 3*d - 6, -3*d = 3*m - 12. Suppose f = -m*f + 52. What is the units digit of f?
3
Suppose -671 = -4*j + 5. What is the hundreds digit of j?
1
Suppose 31*r - 642 = 1435. What is the units digit of r?
7
Suppose -12*d + 5735 = -4237. What is the hundreds digit of d?
8
Suppose 15 = 4*k + 3. Suppose -k*t + 13*t = 70. What is the units digit of t?
7
Suppose -p - 2 + 10 = 0. Let f be 174/p - 3/(-12). Suppose -f = -3*l + 80. What is the tens digit of l?
3
Suppose -3*m = 6*n - 5*n - 2790, 3*n - 1867 = -2*m. What is the hundreds digit of m?
9
Let b = 76 - 74. What is the hundreds digit of 190*(8/5)/b?
1
Let u = -15 - -20. Suppose -k - 2*d = -68 - 44, -112 = -k + u*d. What is the units digit of k?
2
Let h(y) = 8*y - 4. Let b(f) = 41*f - 21. Let k(n) = -2*b(n) + 11*h(n). Let g be k(1). Suppose 2*d - 4*s = d - 7, -g*s = d - 33. What is the tens digit of d?
1
Let d = -136 + 158. Suppose -d*f = -5052 + 58. What is the hundreds digit of f?
2
Let u = -198 - -681. What is the hundreds digit of u?
4
Let m = 603 + 2. What is the tens digit of m?
0
Let q = 445 + -681. Let s = q + 392. What is the hundreds digit of s?
1
Suppose 6*g = 11*g - 10. Let u(s) = s**2 - 1 + 3*s - s + 2. What is the units digit of u(g)?
9
Let t(z) = z + 12. Let k be t(-6). Suppose 0 = k*a - 3*a + 51. Let i = 32 + a. What is the units digit of i?
5
Suppose 0 = 5*w - 18*w + 4758. What is the units digit of w?
6
Suppose -4*h = -6*p + 3*p - 643, 0 = 3*h + 5*p - 475. What is the units digit of h?
0
Let l = 15 - 15. Suppose -2*x + g + 2*g + 95 = 0, 2*x + 3*g - 125 = l. What is the tens digit of x?
5
What is the units digit of ((-51844)/(-26))/(2 + -1 + 1)?
7
Suppose 4*i + 65 + 7 = 0. Let n = 121 - i. What is the hundreds digit of n?
1
Let b be 1*2*(-4)/(-4). Let c(r) = -r + 2. Let q be c(b). Suppose m = -q*m + 2. What is the units digit of m?
2
Let b = 25 - 36. Let l = 12 + b. Let n = l - -5. What is the units digit of n?
6
Let t be (-2618)/(-7) + -1*1. Suppose -3*h - 4*z - t = 0, 2*h - 4*z = -3*h - 643. Let w = -76 - h. What is the units digit of w?
1
Suppose 2*a + 16 = 5*m, m + 15 - 2 = -5*a. What is the units digit of (10 + 36)*(9/m + -2)?
5
Let y(m) = 4*m - 3. Let a be y(-3). Let r = a + 10. Let c(l) = -4*l - 1. What is the tens digit of c(r)?
1
Let k(n) be the third derivative of n**5/60 - n**3 - n**2. Let s be k(-4). Suppose -c + 5 = -s. What is the tens digit of c?
1
Suppose 20 = 5*x + 2*v - 1, 30 = 4*x - 5*v. Suppose 252 = 14*c - x*c. What is the tens digit of c?
2
Let k(u) = 2*u**3 - 8*u**2 + 6*u - 4. Let x be k(5). Let f = 133 - x. What is the tens digit of f?
5
Let i(n) = n**2 - 3*n - 7. Let t be i(5). Suppose -2*r + 61 = 3*x, 0 = t*x + r + 4*r - 67. What is the units digit of x?
9
Suppose -12 = 4*k + 2*k. Suppose -2*w - 11 + 1 = 0. Let f = k - w. What is the units digit of f?
3
Let h(c) = -c**3 + 19*c**2 - 32*c + 2. Let d be h(13). Suppose 0 = 3*u - 0*u - d. What is the tens digit of u?
0
What is the thousands digit of (37125/125)/((-1)/(-11))?
3
What is the thousands digit of -12*1/4 + (-2122)/(-2)?
1
Let y = -19 - -27. Suppose 0 = -q - 1 - 3. Let a = q + y. What is the units digit of a?
4
Let a be (-12)/(-1)*28/6. Let l = 189 - a. What is the tens digit of l?
3
Suppose 5*c + 16 = 196. What is the tens digit of 24/c*(-150)/(-4)?
2
Suppose 631 + 3541 = 4*p. Suppose 10*g = 3213 - p. What is the hundreds digit of g?
2
Let s be (1/3)/((-15)/(-585)). Suppose 7*v - 6*v = s. Let r = 49 - v. What is the units digit of r?
6
Suppose 4*q - 25 = 2*y + 3, 2*y - 7 = -3*q. Let b(v) = -2*v. Let l be b(q). What is the units digit of l*9/(-6) - -3?
8
Let o = -99 + 5. What is the tens digit of o*(9/(-6) + 1)?
4
Let v be (-2 - -2)/(-1 + 2). Suppose v = -5*x + y - 6*y + 10, 0 = -5*x + 3*y + 10. Suppose -x*n - 6 = 0, o + 2*n - 3*n = 20. What is the units digit of o?
7
Let x(k) = -k**3 - 6*k**2 - 6*k - 5. Let z be x(-5). Suppose q = p - 47, -4*p - q - q + 200 = z. What is the units digit of p?
9
Let c(z) = 3*z**3 - 9*z**2 - 2*z - 2. Let j(p) = -2*p**3 + 8*p**2 + 3*p + 2. Let s(b) = -3*c(b) - 4*j(b). What is the units digit of s(-4)?
6
Let l(o) = 14*o + 9. Let z = 8 - 5. What is the tens digit of l(z)?
5
Let a(g) = 4*g**2. Let l be a(-1). Suppose -z + 74 = l*p - 150, -2*p - 2*z = -118. What is the tens digit of p?
5
Let d = 1017 + -498. What is the hundreds digit of d?
5
Let b(j) = 87*j**2 - 22*j. What is the units digit of b(-5)?
5
Suppose 4*k = -3*a + 141, -a + 34 = -0*a - 3*k. What is the tens digit of a?
4
Let j(o) = 8*o**2 - 5*o + 5. Suppose b - t - 102 = 6*b, 4*b + 76 = 2*t. Let i = -18 - b. What is the units digit of j(i)?
7
Let v = -13 + 15. Suppose -t = -5*f - 0 - v, 5*t = -5*f + 10. Suppose 2*u + 6 = 0, p = -f*p - 3*u + 22. What is the units digit of p?
1
Let j(p) = p**2 + p + 1. Let c(s) = -7*s**2 + 8*s - 25. Let k(l) = c(l) + 6*j(l). Let t be k(14). Let u = t + 40. What is the units digit of u?
1
Let k(p) = -p - 4. Let s be k(-4). Suppose -v + l - 14 = 0, 3*v + 44 = 5*l - s*l. Let t = v - -17. What is the units digit of t?
4
Let m = -3971 - -7337. What is the tens digit of m?
6
Let i(m) = -2*m**3 + 2*m + 4. Let p(b) = -2*b**3 - b**2 + 3*b + 4. Let y(w) = -6*i(w) + 5*p(w). Let l be y(3). What is the tens digit of ((-72)/14)/((-4)/l)?
1
Suppose -3*v = -799 - 635. Let s be v/6 + (-1)/(-3). Suppose 2*i - 44 = s. What is the units digit of i?
2
Let w be -4 + (-1 + -4 - 81). Let g = w - -129. What is the units digit of g?
9
Let a = -1046 - -2286. What is the units digit of a?
0
Let b = 9 - 10. What is the units digit of (-1)